e -2 + b + (-16)/(-4). Calculate d(t).
0
Let u(h) = h**3 + 7*h**2 + 6*h + 4. Let k be u(-6). Suppose 0 = -k*q - 5 - 11, -4*q - 12 = f. Let c(g) = -g**3 + 3*g**2 + 2*g + 1. What is c(f)?
-7
Let m = -16 - -14. Let k(s) = -s**3 - s**2 - 2*s. Let u(q) = q - 1. Let g(c) = m*u(c) - k(c). Determine g(0).
2
Let w(f) = -f**2 + 4*f**2 + 2*f + f**2 - f**3 + 2*f**3. What is w(-3)?
3
Suppose -9*q = -5*q + 16. Let k(n) = -n**3 - 5*n**2 - 6*n. Determine k(q).
8
Let l(m) be the second derivative of -m**4/12 - 5*m**3/6 + 5*m**2 - m. Let n be l(-7). Let t(i) = -2*i - 4. Give t(n).
4
Suppose 8 = 2*o - d, 3*o = -d + 3*d + 14. Let i(y) = -2 + 5*y**o - y - 2*y**2 - 4*y**2. What is i(-2)?
-4
Let y be (-3 + -1)/2 + (-10 - -5). Let m(v) = v + 7. Determine m(y).
0
Let z(a) be the first derivative of -a**4/4 + a**2/2 - a - 1. Let s = -186 - -188. What is z(s)?
-7
Let v(g) = 13*g**2 + 5*g - 8*g**2 - 6*g**2 + 2 - 3. Give v(2).
5
Let c = -5 - -7. Let g(r) = -r**3 + 2*r**2 - 3*r + 3. Let l be g(c). Let n be ((-3)/3)/(1/l). Let s(x) = -x - 3. Calculate s(n).
-6
Let s be (-4)/(-1) - (2 - 1). Let z(n) = -n**2 + 3*n + 3. Determine z(s).
3
Suppose -2*d = -3*s + 4, -2*s = -4*d - 17 + 1. Let k = d - -7. Let r(f) = -3 + f**3 + 2*f + 1 + f**2 - 2*f**3. Calculate r(k).
-2
Let v(b) = -b**2 + 1. Let g(p) = -5*p**2 + 4*p + 1. Let m(i) = g(i) - 3*v(i). Calculate m(2).
-2
Let a(w) = w**2 - 12*w + 4. Let c be a(12). Let f = -3 + c. Let z(p) = 3*p**3 - 2*p**2 + 2*p - 1. Give z(f).
2
Let x(j) = 11*j**2 + 8*j + 16. Let q(y) = -5*y**2 - 4*y - 8. Let l(a) = -13*q(a) - 6*x(a). Give l(6).
-4
Let x(y) = 8 - 2*y + 5*y**2 - y**2 + 8*y - 3*y**2. Give x(-6).
8
Suppose 0 = -2*h - 4 + 8. Let y be (1 - -1)*(-1 + h). Let n(p) = p + 2. Determine n(y).
4
Let k(p) = -p**2 + 7*p + 13. Let s be k(8). Let u(r) = -4*r + 6. Calculate u(s).
-14
Let h(u) = -u**2 + 7*u + 8. Let o(p) = p + 1. Suppose i - 5*i = -12. Let m(g) = i*o(g) - h(g). Determine m(6).
7
Let f = -1 + 0. Let a = f - -5. Suppose -4*z - 10 = 10, 3*z = -a*s + 1. Let y(l) = -l**2 + 6*l - 5. What is y(s)?
3
Suppose 11*u = 12 - 1. Let x(y) be the third derivative of -y**5/60 - y**4/24 + y**2. Determine x(u).
-2
Let m(w) = -w**2 - 3*w - 2. Let i be 1/(-3)*150/(-5). Let x be (4/5)/(4/i). Suppose x = g + 6. Determine m(g).
-6
Suppose -3*y = y - 12. Let d(k) = -10*k**3 + 2*k**2 + 6*k - 6. Let u(a) = 3*a**3 - a**2 - 2*a + 2. Let q(g) = 2*d(g) + 7*u(g). Give q(y).
-4
Let x(p) = p**2 - 5*p - 1. Suppose 0 = -4*c + 3 + 13. Calculate x(c).
-5
Let l(h) = -h**3 + 5*h**2 - 4*h. Let w be l(4). Suppose w*r + 8 = r. Let j(o) = o - 2. Determine j(r).
6
Let y(k) be the third derivative of 1/60*k**5 - 1/3*k**3 + 0*k - 2*k**2 + 1/24*k**4 + 0. What is y(-2)?
0
Let x(d) be the third derivative of d**4/6 + d**3/3 + 19*d**2. What is x(-3)?
-10
Let f(j) = -j**2 + 12*j + 13. Let m be f(13). Let a(y) = -7 + 14 + 3 - y - y**2. What is a(m)?
10
Suppose -2*q - 3 = q. Let w(l) be the third derivative of -l**6/20 - l**5/60 - 5*l**2. Calculate w(q).
5
Let p(b) be the second derivative of b**5/20 - b**4/3 + b**3/3 + b**2 - b. Let j be 2*(-2)/4 + 6. Suppose 0 = j*q + 5*o + 10 - 0, 2*q - 1 = -o. Calculate p(q).
-1
Let p(d) = 2*d**2 + 1. Let z be (-14)/(-21)*3/(-2). Let a be (3 - 3 - z) + -3. Determine p(a).
9
Let s(l) = -l**3 + 2*l**3 + 4*l**3 + 3*l - 5*l**2 - 6*l**3. Give s(-5).
-15
Let z(u) = -12 - 10 + u + 2. What is z(0)?
-20
Suppose 4*y = 3*y - 4*c + 5, -4*y = 4*c - 20. Let m = y - 8. Let h(v) = -v**2 - 3*v + 1. Determine h(m).
1
Let r(t) = t**3 - 8*t**2 + 8*t - 9. Let i be (10 - 1) + -3 + 1. Give r(i).
-2
Let b(h) = h**3 + 4*h**2 - 3*h - 6. Let v be -2 - (-4 + (-2 - -1)). Suppose v*k = -0*d - 2*d - 8, -4*k + 8 = -2*d. Determine b(d).
6
Let k = -5 - -4. Let f be -1*(3 + -4 - k). Let h(w) = w - 1. Give h(f).
-1
Let j be ((-2)/3)/((-4)/(-6)). Let d(n) = 11*n**2 - 5*n + 7. Let m(u) = -32*u**2 + 14*u - 20. Let g(b) = -17*d(b) - 6*m(b). Give g(j).
5
Let s(g) = 5*g - 3. Let d(p) be the first derivative of 3*p**2 - 3*p + 1. Let u be 1 - 0 - (8 + 0). Let q(a) = u*s(a) + 6*d(a). Determine q(-2).
1
Suppose c = 3, -z = -3*c - 0*c + 15. Let s(x) = 2*x - 6. Determine s(z).
-18
Suppose 4*s - 2 = -2*i, 5*i + 27 = -3*s + s. Let z be i + (3 - 0) + 3. Let y(c) = -3*c**2 - 2*c - 1. Determine y(z).
-2
Let p(m) = -1 + 4*m - 4 - 1 + 3. Give p(2).
5
Let p(o) be the first derivative of -o**3/3 + 2*o**2 + 5*o - 1. Determine p(4).
5
Let b(z) = -z**3 + 5*z**2 + 3*z + 1. Let y = 147 + -141. Calculate b(y).
-17
Let g(t) = -3*t + 5*t + 1 - 3*t. Let r = -8 - -5. Determine g(r).
4
Let p(f) = -4*f**2 + 3 - f**2 + 10*f + 16 + 3*f**2. Let o(q) = 1 + 5*q - q**2 + 12 - 3. Let i(a) = -5*o(a) + 3*p(a). What is i(5)?
7
Let n(b) = b**2 + b. Let w be n(2). Let y(g) = -w*g + 4*g + 1 + 3*g. Let s(t) = -t**2 + 7*t - 3. Let m be s(6). What is y(m)?
4
Suppose -2*q - 2 - 6 = -w, -3*w - 16 = 2*q. Let a(s) = s. What is a(w)?
-2
Let g(v) = 4*v**2 + 8*v + 7. Let m(o) = -4*o**2 - 9*o - 8. Let x(l) = -7*g(l) - 6*m(l). Give x(-1).
-3
Suppose 0 = 4*a + 13 + 7. Let n(q) = 6*q**2 - 10. Let c(l) = -l**2 + l + 1. Let x(m) = 5*c(m) + n(m). Determine x(a).
-5
Let k be (1*-2)/(4/(-8)). Suppose 4*z + 2*t - 25 = 7*t, 2*z - 20 = k*t. Suppose z = -4*m - 16 - 0. Let x(f) = f**3 + 3*f**2 - 5*f - 6. What is x(m)?
-2
Let x(a) be the third derivative of -1/20*a**5 - 1/120*a**6 + 0*a + 0 + a**2 + a**3 + 1/12*a**4. Give x(-4).
14
Let i be ((-4)/10)/(2/10). Let u(y) = -5*y**2 - 4*y - 1. Let c(m) = -9*m**2 - 7*m - 1. Let j(k) = 3*c(k) - 5*u(k). Determine j(i).
-4
Let a(r) be the second derivative of r**5/20 - r**4/6 - r**3/3 - r**2/2 - 38*r. Suppose d - 2 + 0 = 0. Suppose 0 = q - 1 - d. What is a(q)?
2
Let f(v) = 7*v**2 + 4*v - 1. Let d(b) = 6*b**2 + 4*b - 1. Suppose 5*l + 20 = l. Let u(w) = l*f(w) + 6*d(w). Suppose 0 = -5*i + i - 20. Determine u(i).
4
Let h(m) be the first derivative of -m**4/4 - m**3 - m + 8. What is h(-3)?
-1
Let m(p) be the first derivative of -1/2*p**2 - 6*p + 2. Determine m(5).
-11
Let t(n) = n**2 - 2*n + 7. Let i(c) = 2*c**2 - 2*c + 17. Let u(d) = -d - 1. Let v(r) = i(r) + 3*u(r). Let p(g) = -5*t(g) + 2*v(g). Calculate p(0).
-7
Let s(j) = j**2 + 6*j + 2. Let q(d) = -d**2. Let w(l) = -2*q(l) - s(l). What is w(4)?
-10
Let z(l) be the third derivative of -l**5/60 + 7*l**4/24 - l**3 - 17*l**2. Give z(6).
0
Let b = -4 - -9. Let i(d) = -2*d + 3. Let r(y) = -2*y + 4. Let n(k) = b*i(k) - 4*r(k). Calculate n(-2).
3
Let c = -3 + 5. Let m be (-3)/c*(-32)/6. Let b(p) = -2 - m*p**2 + 9*p**2 + 4. What is b(2)?
6
Let a(h) = -4*h + 2. Let i(v) = -3*v + 2. Let k(q) = 2*a(q) - 3*i(q). Let x be ((-2)/4)/(2/(-4)). Determine k(x).
-1
Suppose 5*r + 50 = -25. Let h be r/6*(1 + -3). Let x(g) = 3*g - 7. Give x(h).
8
Let g = 10 - 1. Let i = -6 + g. Let b(h) = -h**2 + 3*h - 4. Determine b(i).
-4
Let u(v) = -v - 1. Let a(y) = 6*y + 6. Let m(q) = 2*a(q) + 11*u(q). Determine m(-4).
-3
Let u(i) = -i + 17. Let y = -30 + 38. What is u(y)?
9
Let a(o) = 10*o**2 - 2*o + 1. Let y(x) = -x**2 + x + 1. Let u be 10/70 + (-1)/7. Let m be y(u). Determine a(m).
9
Let u be -2 - (-1)/(3/6). Let q(d) = -d**2 + d + 16. Determine q(u).
16
Let p(f) be the first derivative of -5/2*f**2 - 5/3*f**3 + f - 2 - 1/4*f**4. Let t be (-2)/2*3 - 1. Give p(t).
5
Suppose 2*y = 5*d + 32, 2*d + 3*y - 5*y = -14. Let s be -2*-1*d/(-4). Let w(j) = j**2 - 5*j + 3. Determine w(s).
-3
Let b(s) = s**3 - 16*s**2 - 8. Let d be b(16). Let n = d - -11. Let v(q) = -2 + 5*q - q - 3*q. Calculate v(n).
1
Let k(x) = x**3 - 7*x**2 + 6*x - 4. Let f = 122 + -116. Determine k(f).
-4
Let m = 6 - 6. Let q(v) = 0*v + m*v - 43 - v**2 + 41. Give q(-2).
-6
Suppose 3*r = -5*m + 24, 5*m = 2*r + 3*r. Suppose s = -2*c - 12, 0*s + 21 = -m*s - 3*c. Let p(d) = 2*d**2 + 2*d - 1. Give p(s).
3
Let d(j) = 15*j + 1. Let s(y) = -y. Let g(n) = -d(n) - s(n). What is g(1)?
-15
Let m(b) = -b**3 + 4 + 0*b**2 + 4*b - 4*b**2 + 14*b**2 - 4*b**2. Give m(7).
-17
Let u(x) = 15 - 14 - 15 - 4 - x. Give u(-10).
-8
Let t(m) = -3*m**3 - 3*m**2 + 15*m - 3. Let r(j) = 4*j**3 + 2*j**2 - 17*j + 3. Let x(f) = 4*r(f) + 5*t(f). Let k = -9 + 15. What is x(k)?
3
Let h(m) be the third derivative of m**4/24 - m**3/6 - m**2. Let r be 120/28 + (-10)/35. Give h(r).
3
Let j be ((-11)/4 - -1)*-4. Suppose 8*p = j*p - 2. Let o(k) = 2*k**2 + 2*k - 1. Determine o(p).